hat is the hundreds digit of k(-11)?
0
Suppose c - 7125 = -4*c + 2*y, -7095 = -5*c - 4*y. What is the thousands digit of c?
1
Suppose 54*n - 60*n + 600 = 0. What is the units digit of n?
0
Let b be 1 - (-4 - -3) - 0. Let q = -13 + 27. Let n = b + q. What is the tens digit of n?
1
Let l be (8/(-2))/((-2)/2). Let z be (-33)/(-12) + 1/l. Suppose 2*b - 1 = z*t, -b + 3*b + 5*t = 9. What is the units digit of b?
2
Let j(a) = 92*a - 14. What is the tens digit of j(2)?
7
What is the units digit of 10 - (56 + -4)*-46?
2
Let p be (3/(-2))/((-6)/60). Suppose 9*t = 147 + p. What is the units digit of t?
8
Let b(p) be the third derivative of -p**4/24 - 5*p**3/6 + 2*p**2. Let y be b(-3). What is the units digit of 4/((y + 3)*1)?
4
Suppose 5*a - 12 = -0*a + 3*o, 0 = 3*a - 5*o - 20. Let n be (-2)/(-7) + 24/14. Suppose z - 4*h = 8, 5*z + 0*h + n*h - 18 = a. What is the units digit of z?
4
Let i = 415 - 33. What is the units digit of i?
2
Let o(x) = x**2 - 4*x. Let a(i) = -2*i**3 + i. Let j be a(-2). Let l = 11 - j. What is the units digit of o(l)?
1
Let z(y) = y**3 - 16*y**2 + 17*y - 33. Let u be z(15). What is the tens digit of (u + 2)*-108 + 2?
1
Suppose w + 21 = 4*f + 68, 5*f = -10. What is the tens digit of w?
3
Let l = 222 + 2523. What is the units digit of l?
5
Suppose -854 = 22*q - 24*q. What is the hundreds digit of q?
4
Let s = 29 + -24. Let r(k) = 4*k - 11. What is the units digit of r(s)?
9
Let z(i) = 12*i**2 - 6*i + 4. What is the units digit of z(10)?
4
Suppose 0 = -0*i + 4*i. Let l(q) = q**2 + 2*q + 26. Let a be l(i). Let z = a + -15. What is the units digit of z?
1
Let z = 22 - -191. What is the hundreds digit of z?
2
Let x = 85 - 58. Suppose 0 = 2*r - h - x, -5*r = -9*h + 6*h - 68. What is the units digit of r?
3
Let g(c) = c**2 - 14*c + 17. Suppose -3*m = m - 52. Let p be g(m). Suppose 0 = -5*j + 129 - p. What is the tens digit of j?
2
Let b(k) = k - 211. Let a(w) = 3*w - 738. Let y(q) = 5*a(q) - 18*b(q). What is the hundreds digit of y(-34)?
2
Let c(y) = y**2 + y + 14. Let w be c(0). Let i = w + -59. Let d = -24 - i. What is the tens digit of d?
2
Let f = 8 - 2. Suppose -f = 5*v - 11. What is the units digit of v?
1
Let r(c) = 19*c**2 - 9*c + 12. What is the hundreds digit of r(4)?
2
Let l(k) = -k**3 - 3*k**2 - k - 1. Let r be l(-3). Suppose -r*j - 3*u = -7*j + 92, 5*u = -4*j + 81. What is the tens digit of j?
1
Let g = -55 + 88. Suppose 0 = -5*j + 2*y + 545, -j + y + 76 = -g. What is the tens digit of j?
0
Suppose -3*b - 4*p + 0*p = -1296, 4*p + 416 = b. What is the units digit of b?
8
Suppose -3*g + 354 = 2*t, 66 - 937 = -5*t - 4*g. Let o be (-1)/2 - t/(-38). Suppose 4*a + o*z - 184 = 0, 3*z = 4*a + z - 154. What is the units digit of a?
1
What is the hundreds digit of (3912/40)/((-3)/(-15))?
4
Suppose 8*i - 64 = -0*i. What is the units digit of i?
8
Let c = 1939 + -1251. Suppose 16*m - c = 8*m. What is the tens digit of m?
8
Let s(z) = 4*z - 12. Let h be s(5). Let c be 3 + (h - 4)/(-4). Suppose u + 3*u + 3*r = 146, -c*u + 72 = r. What is the tens digit of u?
3
Let q = 11 - -3. Let w be q*((-48)/28)/(-2). Suppose -2*a - 2*p = -12, 3*a - 3*p - 18 - w = 0. What is the units digit of a?
8
Let a = 313 + 140. What is the tens digit of a?
5
Suppose -n = -0*h - 5*h - 73, 2*n = 3*h + 41. What is the units digit of (-966)/(-15) + 1 - (-6)/h?
5
Suppose 3138 = 2*g + 4*l, -l - 2488 = -2*g + 650. What is the units digit of g?
9
Let w = 236 - 431. Let p = w - -361. What is the units digit of p?
6
Let o = 3 - 1. Suppose -u + o = -6. What is the units digit of (-9)/12 - (-46)/u?
5
What is the units digit of (5 - -2)*251/7?
1
Let c(z) = -7*z + z + 15*z + 33*z + 2. What is the units digit of c(1)?
4
Let t(m) = -m**3 - 5*m**2 + 2. Let x be t(-5). Suppose 3*k = -2*y, 2*k + 2*y = -3*y - 11. Suppose k*r - 26 = -2*q + 14, -8 = x*q. What is the units digit of r?
4
Suppose -x - 25 = -3*x + 3*p, -3*p = 4*x - 95. Suppose x*c + 66 = 17*c. What is the units digit of (-27)/15*(-3 + c)?
5
Suppose -3*r + g = 4*g + 273, -3*r - 274 = 2*g. Let x = -63 - r. What is the tens digit of x?
2
Suppose -2*z - 21*w + 618 = -26*w, -5*w - 1515 = -5*z. What is the units digit of z?
9
Let c(g) = -g**3 - 6 - 4*g**2 - 7*g**2 + 5*g**2 + 2*g**3. What is the tens digit of c(7)?
4
Let s = 23 - 22. Let u = 1 + s. Suppose u*x - x = 47. What is the tens digit of x?
4
Suppose 37*u - 16*u = 15393. What is the hundreds digit of u?
7
Suppose -14*s - 402 = 1460. Let u = 300 + s. What is the hundreds digit of u?
1
Suppose -16 = -64*h + 63*h. Let c = 58 + h. What is the units digit of c?
4
Let p(u) = u**3 + 17*u**2 - 2*u - 24. Let f be p(-17). What is the tens digit of ((-446)/f)/((-7)/(0 - -35))?
2
Let n(b) = -45*b + 0*b**3 - 5 - b**3 + 2*b**3 + 52*b - 11*b**2. What is the tens digit of n(11)?
7
Let w be (4/5)/((-3)/(-75)). Suppose y + 4*y - w = 0. Suppose -y*p = -16, 0*q + 5*q - p - 36 = 0. What is the units digit of q?
8
Suppose 208*b = 209*b - 1052. What is the tens digit of b?
5
Suppose -5*x = 2*l - 5*l + 26, -3*l = -3*x - 18. Suppose -6*b = -l*b - 16. Suppose -5*i + b*i = -18. What is the tens digit of i?
1
What is the units digit of 1*2*-39*64/(-12)?
6
Suppose -5*z = -5*y + 55, 2*z + y - 4*y + 17 = 0. Let q = -12 - z. What is the units digit of q?
4
Let t(k) = k**3 + 8*k**2 + 15*k + 9. Let j be t(-6). What is the tens digit of (-1002)/j - -2 - 4/(-6)?
1
Suppose v - 12 = -2*q, -2*v + q - 4*q + 22 = 0. What is the units digit of ((-4)/v)/(1/(-194))?
7
Suppose -5*i + 5*g = -0*i - 5720, 0 = -9*i - 5*g + 10268. What is the thousands digit of i?
1
Suppose 10*t = 17*t - 784. What is the tens digit of t?
1
Let t(j) = j**3 + j - 1. Let c = 11 - 16. Let q(i) = i**3 - 3*i**2 + 3*i - 6. Let h(n) = c*t(n) + q(n). What is the units digit of h(-2)?
3
Suppose 0 = 3*a - 22 - 5. Suppose a*w = 5*w + 360. What is the tens digit of w?
9
Let c = 48 - 32. Suppose i + 5*f - 37 = 0, -3*i + 4*f = -0*f - c. What is the units digit of i?
2
Let d be (0 - 4)*(-6)/8. Suppose 5 = f + d. What is the tens digit of (40/(-14))/(f/(-7))?
1
Suppose 5*l - 10221 = -2*a, -3*l - l = -2*a - 8184. What is the thousands digit of l?
2
Suppose 1760 = 2*v + 2*m, 0 = -4*v - 3*m + 7*m + 3520. Suppose z + v = 21*z. What is the tens digit of z?
4
Let m = 20 + -21. Let r = 12 - 25. Let h = m - r. What is the units digit of h?
2
Let q(f) = 7*f**2 - 10*f + 33. What is the units digit of q(13)?
6
Let x(c) = -3 + 2*c - 4*c - 6 + 2. What is the units digit of x(-8)?
9
Let q(u) = -u**3 + 6*u**2 + 4*u - 4. Suppose -9 = 2*j - 0*x + 3*x, -2*j = -3*x - 21. What is the units digit of q(j)?
5
Let z(c) = -14*c - 3. Let o be (10/15)/((-3)/9). Let i be z(o). Suppose -2*k = 4*p - 3*p - i, -4*p = 3*k - 105. What is the tens digit of p?
2
Let f = -21 + 26. Let s = 8 - f. Suppose x + 4*h = 14, s*x + 3*h - 6*h = 12. What is the units digit of x?
6
Suppose 4*l - 10 = -2. Suppose 2*p + 24 = -l*p. Let u(o) = -5*o - 14. What is the units digit of u(p)?
6
Let x be (-396)/(-2 + -1) + 0. Let w = x - 12. What is the tens digit of w?
2
Suppose 860 = 6*s - 15646. What is the thousands digit of s?
2
Let h(r) be the third derivative of -r**6/120 + 7*r**5/60 + r**4/6 - 2*r**3 - 20*r**2. What is the tens digit of h(6)?
4
Suppose -5*g + 24 = -11. Let i = -20 + 33. Let b = i + g. What is the tens digit of b?
2
Let w = 4862 + -2143. What is the units digit of w?
9
Suppose 0 = -h + 3*o + 3102, 28*o = -3*h + 20*o + 9255. What is the hundreds digit of h?
0
Suppose 4*t = -12, 2*x - 6 = 4*x + 2*t. Suppose 158 = 4*b - 2*p, 3 = 3*p - x. What is the units digit of b?
0
Let x(t) = t - 32. Let f be x(11). Let s = f - -62. What is the tens digit of s?
4
Suppose -119*z + 6107 = -116*z - s, 5*z + 2*s - 10182 = 0. What is the thousands digit of z?
2
Let u(g) = 29*g - 55. What is the hundreds digit of u(6)?
1
Suppose 0 = 42*n - 9*n - 65637. What is the units digit of n?
9
Let y = -2272 + 8090. What is the thousands digit of y?
5
Suppose -u - 1 = -3. Suppose 4*k - o - o = 58, -u*k + 5*o + 25 = 0. What is the tens digit of k?
1
Let v(q) = q**2 - 11*q + 10. Let l(a) = -2*a**2 - 16*a + 7. Let s be l(-8). Let g be v(s). Let x = -16 - g. What is the units digit of x?
2
Suppose -4*i = 3*v - 6107, -11*v = -6*v + 2*i - 10155. What is the thousands digit of v?
2
Let w = -3 + 9. Suppose 3*y - w = 4*y. Let